1. Let p = 330 + h. What is the remainder when 22 is divided by p?
4
Let f = 173 - 135. Suppose -16*c + f = -15*c. Calculate the remainder when 340 is divided by c.
36
Let l be (-28)/(((-2)/(-4))/((-5)/(-10))). Calculate the remainder when 507 is divided by 13642/133 - ((-60)/l)/(-5).
95
Let b = -38 - -137. Suppose 92*t = 91*t + 80. Suppose 280*z - 272*z = t. What is the remainder when b is divided by z?
9
Let r(g) = 400*g + 2404. Suppose 7*k = 2*k + 45. Calculate the remainder when k is divided by r(-6).
1
Let d = -4234 + 6957. What is the remainder when d is divided by 58?
55
Let k = -199 + 152. What is the remainder when (141/k)/((-1)/21) is divided by 5?
3
Suppose 5*z = 10 + 20. Suppose -z = -2*j - j. Let c = j + 79. Calculate the remainder when c is divided by 14.
11
Let o be -1*10/25*-5. Suppose o*f = 10*f - 4624. What is the remainder when f is divided by 83?
80
Let w = 321 + -359. Calculate the remainder when 122 is divided by -4 + 1 + w + 64 - -2.
22
Let z be (4/8)/(4/72). Suppose -84 = -l - z. Suppose -2*a - 52 = -6*a. Calculate the remainder when l is divided by a.
10
Let t = -71 + 74. Suppose 4*o - 96 = -3*b, -3*b - t*o + 8 = -88. Calculate the remainder when 318 is divided by b.
30
Let l be 0*6/(23 - 5). Suppose -5*s - 3*f + 40 = l, -3*s + f + f = -24. What is the remainder when 19 is divided by s?
3
Let n(x) = x**3 - x**2 - 190*x - 69. What is the remainder when n(-12) is divided by 163?
13
Let b(k) be the second derivative of k**4/6 + 5*k**3/6 - 12*k**2 - 13*k. Calculate the remainder when 321 is divided by b(-6).
15
Let b(c) = c**3 - 60*c**2 - 46*c + 6271. Suppose -4*u + 9 + 3 = 0. Suppose 0 = -g + u*g - 40. Calculate the remainder when b(59) is divided by g.
16
Let l(w) = -177*w - 3288. What is the remainder when l(-21) is divided by 238?
191
Let o(d) be the third derivative of d**5/60 - d**4/8 + 2*d**3 + 20*d**2 + 2*d. Calculate the remainder when o(6) is divided by 12.
6
Let f(j) = 36*j**2 - 1. Let m(g) = -3*g**3 - 155*g**2 + 55*g + 177. Calculate the remainder when f(1) is divided by m(-52).
14
Suppose 1099 = 20*r - 2501. What is the remainder when ((-8)/10)/((-1)/r) is divided by 50?
44
Suppose 38*l = 40*l - 6. What is the remainder when 90 is divided by 8 + 0 + (l - -2)?
12
Let q = 4575 + -2766. Suppose 0 = 2*v + 7*v - q. Suppose -27 = -6*p + 177. Calculate the remainder when v is divided by p.
31
Let r = 227 + -225. What is the remainder when 14 is divided by r - 1 - (-66)/22?
2
Suppose 75 = 5*k - 15. What is the remainder when 402/2*(1292/51 + -25) is divided by k?
13
Suppose -4*a - 8 = 3*j - 7, 0 = -2*j - 2*a. What is the remainder when 15/3 - (-50 + 1)*j is divided by 19?
16
Suppose 2*u - 6*u = -3*k - 139, 3*u + 5*k - 97 = 0. Suppose 3*o + 5*n = 367, 264*n - 260*n - 106 = -o. Calculate the remainder when o is divided by u.
32
Let h(f) be the first derivative of 3*f**2/2 + 61*f - 49. Let u(p) = p**3 - 6*p**2 - 3*p + 1. What is the remainder when u(7) is divided by h(-17)?
9
Suppose 71019 + 84269 = 511*o - 18452. Calculate the remainder when o is divided by 37.
7
Let g be 15/25*-3*5. Let h(v) = 5*v**2 + 9*v + 46. Calculate the remainder when h(g) is divided by 53.
52
Suppose 5*p + 3*d = 7*p - 5, 4 = 2*p - 4*d. Suppose -5*q - i + 3030 = 0, -20*q + 1230 = -18*q + p*i. What is the remainder when q is divided by 38?
35
Suppose -10859 + 2542 - 9658 = -25*v. Calculate the remainder when v is divided by 120.
119
Let b(t) = 2*t**2 + 133*t - 298. Let g = 9 + -6. Suppose g*n - 270 = -0*n. What is the remainder when n is divided by b(-69)?
43
Let d be -4 - (-45)/12 - 39/(-12). Suppose -2*j + 40 = -4*k, 33 = 5*j - d*k - 39. Suppose -j*r + 46 = -2. Calculate the remainder when 10 is divided by r.
2
Let v(u) = -4*u - 6. Suppose 13*o - 15*o - 5*z + 101 = 0, 0 = -5*o + 5*z + 165. What is the remainder when o is divided by v(-4)?
8
Let w(a) = -10*a**3 + 5*a**2 - 5*a + 7. Let q be w(-3). Let x = 368 - q. Calculate the remainder when 215 is divided by x.
29
Let d = -29330 + 30938. Calculate the remainder when d is divided by 5.
3
Suppose 180*j - 167*j - 299 = 0. Let z(v) = 2*v**2 + 6*v - 64. What is the remainder when z(-11) is divided by j?
20
Let f be 1/((-2)/154*-1). Let d = f - 67. Suppose 0 = 2*k + 5*s - 23, d*k = 5*k + 3*s + 11. What is the remainder when 22 is divided by k?
2
Suppose 5*h - 99991 = -f, 2*f + 71031 = 4*h - 8945. What is the remainder when h is divided by 125?
122
Let k = -26628 + 39047. Calculate the remainder when k is divided by 207.
206
Let k = 23584 - 23512. Calculate the remainder when 1073 is divided by k.
65
Suppose -70*w - 4 = -72*w. Suppose -i + 4 = w*d, -d - 44 = -3*i - 18. Let f(y) = -3*y + 49. Calculate the remainder when 122 is divided by f(i).
22
Let d be 2/(-3)*129 + -2. Let q = -58 - d. Suppose -15*g = 2*g - 51. What is the remainder when q is divided by g?
0
Let q be (-1 - 1) + (13 - 5) + -6. Suppose 20*c - 15*c = 5*s - 75, q = -3*c + 15. What is the remainder when 276 is divided by s?
16
Suppose -155*r + 32113 - 22115 = -28907. What is the remainder when 513 is divided by r?
11
Let x = 7947 + -7826. What is the remainder when 132 is divided by x?
11
Suppose 0 = -40*n + 2528 + 1352. Calculate the remainder when n is divided by 13.
6
Let n(o) = 3*o**3 - o**2 + 374*o - 754. Let l be 3/6 + (-1386)/(-4). Suppose -l = -5*m - 82. What is the remainder when m is divided by n(2)?
11
Let o = -328 + 328. Suppose -7*l + 5*t = -3*l - 533, -4*l - t + 527 = o. What is the remainder when l is divided by 9?
6
Let f = 15143 - 14643. Calculate the remainder when f is divided by 124.
4
Suppose 14 - 10 = g, -3*g = 3*c - 6. What is the remainder when 24 is divided by (c/7 - 15/315)*-33?
2
Suppose -130 = 6*q + 20. Let g = -11 - q. What is the remainder when g is divided by 10?
4
Let d = -4 - -34. Let b = -1008775 + 1008780. What is the remainder when d is divided by b?
0
Suppose -4*a + f = -4*f - 15, 0 = 4*f - 4. Suppose 4*d + a = 57. What is the remainder when 33 is divided by d?
7
Let p = 68 - 10. Suppose -3*c = 4*l - p - 5, 2*c + l - 42 = 0. Suppose 204 = -2*b + 4*b. What is the remainder when b is divided by c?
18
Let h = 171 - 166. What is the remainder when 7 - h - (-1 - 1) - -161 is divided by 14?
11
Let k = -991 - -1397. What is the remainder when k is divided by 404?
2
Suppose 3*r + 9 = 0, 5*i - r - 51 = -4*r. Let t(f) = f**2 - f + 1. Let b be t(1). Calculate the remainder when 37 + 3/(2/(-1) + b) is divided by i.
10
Suppose -k = -5*k + 40. Let i = -29 + 31. Suppose k = 4*m + i. What is the remainder when 4 is divided by m?
0
Let q = -205 + 205. What is the remainder when 54 + 0/(3 - 4 - q) is divided by 11?
10
Let y = -4599 + 4789. What is the remainder when y is divided by 84?
22
Let n = 5 - 0. Suppose -24 = -n*k + 4*k. Calculate the remainder when 68 is divided by k - (-3)/2*6/(-9).
22
Let f = 81 - 72. What is the remainder when (-1)/(((-1)/(-99))/(2/(-6))) is divided by f?
6
Suppose 0 = 20*h + 91*h - 305250. What is the remainder when h is divided by 81?
77
Let d = 4850 + -4632. What is the remainder when 436 is divided by d?
0
Suppose -46*c + 50*c - 60 = 0. Let a = -5 - -1. Let v = c + a. Calculate the remainder when 53 is divided by v.
9
Suppose -89*y - 437 = -191*y + 83*y. Calculate the remainder when 219 is divided by y.
12
Suppose -4*t + 435 - 36 = 3*s, 3*s - 207 = -2*t. Suppose -4*v + 88 = 3*x, 0*v = -2*v + 8. Let n = x + 9. What is the remainder when t is divided by n?
30
Let u be -4 + -3 + 3 + -1. Let a(r) = -5*r - 9. Suppose -88 = -19*b + 17*b. What is the remainder when b is divided by a(u)?
12
Let h(y) = y**2 - 7. Let c be h(3). Let a be (c/6 - 0/1)*-3. Let t(o) = -27*o**3 + o**2 - 2*o - 3. What is the remainder when 106 is divided by t(a)?
25
Let g be -2 - (2 + (-1 - 7)). Let p(f) = -f + 36. What is the remainder when 158 is divided by p(g)?
30
Suppose -56 = -6*g + 16. Suppose -g*o + 300 = -660. What is the remainder when o is divided by 18?
8
Let l = -1998 + 7426. What is the remainder when l is divided by 181?
179
Let x = -12390 - -12449. Calculate the remainder when 11914 is divided by x.
55
Let c = -24683 - -52705. Calculate the remainder when c is divided by 113.
111
Suppose -4*g + 2*r + 112 = 0, -g - 3*g - 2*r + 112 = 0. Let y(v) = -v**3 - 18*v**2 + 26*v - 149. Calculate the remainder w